{"id":11,"date":"2024-05-11T10:02:00","date_gmt":"2024-05-11T10:02:00","guid":{"rendered":"https:\/\/skovballe-baadelaug.dk\/?page_id=11"},"modified":"2025-10-05T07:44:57","modified_gmt":"2025-10-05T07:44:57","slug":"priser","status":"publish","type":"page","link":"http:\/\/skovballe-baadelaug.dk\/index.php\/priser\/","title":{"rendered":"Priser.."},"content":{"rendered":"\n<p>En b\u00e5deplads i Skovballe Havn koster kr. 600,-\/\u00e5rligt incl. brug af sl\u00e6bestedet.<\/p>\n\n\n\n<p>Betaling af b\u00e5dpladsleje kan g\u00f8res p\u00e5 MobilePay p\u00e5 mobilnummer 22526551 &#8211; Henning Hansen.<\/p>\n\n\n\n<p><span style=\"text-decoration: underline;\">Sl\u00e6bestedet koster kr. 50,-\/gang for ikke medlemmer.<\/span><\/p>\n\n\n\n<p><span style=\"text-decoration: underline;\">\u00c5rskort til sl\u00e6bestedet for ikke medlemmer koster kr. 500,-.<\/span><\/p>\n\n\n\n<p>Betaling for brug af sl\u00e6bestedet kan g\u00f8res i det gr\u00f8nne ved sl\u00e6bestedet eller p\u00e5 MobilePay p\u00e5 mobilnummer 22526551 &#8211; Henning Hansen.<\/p>\n\n\n\n<p>Skovballe B\u00e5delaug har en venteliste til b\u00e5dplads. <\/p>\n\n\n\n<p>&#8211; &#8211; &#8211; <strong>23.04.2025 Ventelisten er ind til videre lukket for nye optag..<\/strong> &#8211; &#8211; &#8211;<\/p>\n\n\n\n<p>Det koster kr. 200,-\/\u00e5rligt, at st\u00e5 p\u00e5 ventelisten <strong>og man skal selv s\u00f8rge for at f\u00e5 betalt inden 31.03. Hvis man ikke betaler &#8211; slettes man af ventelisten.<\/strong><\/p>\n\n\n\n<p><\/p>\n\n\n\n<p><\/p>\n\n\n\n<hr class=\"wp-block-separator alignwide has-alpha-channel-opacity is-style-wide\"\/>\n","protected":false},"excerpt":{"rendered":"<p>En b\u00e5deplads i Skovballe Havn koster kr. 600,-\/\u00e5rligt incl. brug af sl\u00e6bestedet. Betaling af b\u00e5dpladsleje kan g\u00f8res p\u00e5 MobilePay p\u00e5 mobilnummer 22526551 &#8211; Henning Hansen. Sl\u00e6bestedet koster kr. 50,-\/gang for ikke medlemmer. \u00c5rskort til sl\u00e6bestedet for ikke medlemmer koster kr. 500,-. Betaling for brug af sl\u00e6bestedet kan g\u00f8res i det gr\u00f8nne ved sl\u00e6bestedet eller p\u00e5 [&hellip;]<\/p>\n","protected":false},"author":1,"featured_media":0,"parent":0,"menu_order":0,"comment_status":"closed","ping_status":"closed","template":"","meta":{"footnotes":""},"class_list":["post-11","page","type-page","status-publish","hentry"],"_links":{"self":[{"href":"http:\/\/skovballe-baadelaug.dk\/index.php\/wp-json\/wp\/v2\/pages\/11","targetHints":{"allow":["GET"]}}],"collection":[{"href":"http:\/\/skovballe-baadelaug.dk\/index.php\/wp-json\/wp\/v2\/pages"}],"about":[{"href":"http:\/\/skovballe-baadelaug.dk\/index.php\/wp-json\/wp\/v2\/types\/page"}],"author":[{"embeddable":true,"href":"http:\/\/skovballe-baadelaug.dk\/index.php\/wp-json\/wp\/v2\/users\/1"}],"replies":[{"embeddable":true,"href":"http:\/\/skovballe-baadelaug.dk\/index.php\/wp-json\/wp\/v2\/comments?post=11"}],"version-history":[{"count":14,"href":"http:\/\/skovballe-baadelaug.dk\/index.php\/wp-json\/wp\/v2\/pages\/11\/revisions"}],"predecessor-version":[{"id":156,"href":"http:\/\/skovballe-baadelaug.dk\/index.php\/wp-json\/wp\/v2\/pages\/11\/revisions\/156"}],"wp:attachment":[{"href":"http:\/\/skovballe-baadelaug.dk\/index.php\/wp-json\/wp\/v2\/media?parent=11"}],"curies":[{"name":"wp","href":"https:\/\/api.w.org\/{rel}","templated":true}]}}